{"id":3693,"date":"2022-08-22T13:37:51","date_gmt":"2022-08-22T11:37:51","guid":{"rendered":"https:\/\/www.alpacacamping.de\/content\/?page_id=3693"},"modified":"2022-08-22T13:48:48","modified_gmt":"2022-08-22T11:48:48","slug":"fendt-apero-495-sg","status":"publish","type":"page","link":"https:\/\/www.alpacacamping.de\/content\/fendt-apero-495-sg\/","title":{"rendered":"Fendt Apero 495 SG"},"content":{"rendered":"\n<div class=\"wp-block-getwid-section alignfull getwid-section-content-full-width\" style=\"margin-bottom:16px\"><div class=\"wp-block-getwid-section__wrapper\" style=\"padding-top:60.9844px;padding-bottom:2px\"><div class=\"wp-block-getwid-section__divider is-bottom-divider\"><svg x=\"0px\" y=\"0px\" viewbox=\"0 0 1000 20\" preserveaspectratio=\"xMidYMax slice\" class=\"wp-block-getwid-section__divider-svg\"><path fill=\"white\" class=\"wp-block-getwid-section__divider-svg-fill\" d=\"M0,0v3h484c8.8,0,16,7.2,16,16c0-8.8,7.2-16,16-16h484V0H0z\"><\/path><\/svg><\/div><div class=\"wp-block-getwid-section__inner-wrapper\"><div class=\"wp-block-getwid-section__background-holder\"><div class=\"wp-block-getwid-section__background\" style=\"background-image:url('https:\/\/www.alpacacamping.de\/content\/wp-content\/uploads\/2022\/08\/Apero_PR_1-min-scaled.jpg')\"><div class=\"wp-block-getwid-section__background-image-wrapper\"><img class=\"wp-block-getwid-section__background-image\" src=\"https:\/\/www.alpacacamping.de\/content\/wp-content\/uploads\/2022\/08\/Apero_PR_1-min-scaled.jpg\" alt=\"Fendt Apero\"><\/div><\/div><div class=\"wp-block-getwid-section__foreground\" style=\"opacity:0.2;background-color:#2c3847\"><\/div><\/div><div class=\"wp-block-getwid-section__content\"><div class=\"wp-block-getwid-section__inner-content\">\n<div class=\"wp-block-getwid-section\" style=\"margin-bottom:0px\"><div class=\"wp-block-getwid-section__wrapper\"><div class=\"wp-block-getwid-section__inner-wrapper\"><div class=\"wp-block-getwid-section__background-holder\"><div class=\"wp-block-getwid-section__background\"><\/div><div class=\"wp-block-getwid-section__foreground\"><\/div><\/div><div class=\"wp-block-getwid-section__content\"><div class=\"wp-block-getwid-section__inner-content\">\n<h1 class=\"has-light-blue-color has-text-color\">Apero 495 SG von Fendt Caravan<\/h1>\n\n\n\n<h2 class=\"has-light-blue-color has-text-color\" style=\"font-size:27px\">Wir stellen Dir das Modell Apero 495 SG genauer vor<\/h2>\n<\/div><\/div><\/div><\/div><\/div>\n<\/div><\/div><\/div><\/div><\/div>\n\n\n\n<h2 class=\"alignwide\"><a href=\"https:\/\/www.fendt-caravan.com\/apero\/495-sg.html\" target=\"_blank\" rel=\"noreferrer noopener\">Der Apero 495 SG<\/a><\/h2>\n\n\n\n<div class=\"wp-block-getwid-section alignfull alignfull\"><div class=\"wp-block-getwid-section__wrapper\" style=\"padding-top:5px\"><div class=\"wp-block-getwid-section__inner-wrapper\"><div class=\"wp-block-getwid-section__background-holder\"><div class=\"wp-block-getwid-section__background\"><\/div><div class=\"wp-block-getwid-section__foreground\"><\/div><\/div><div class=\"wp-block-getwid-section__content\"><div class=\"wp-block-getwid-section__inner-content\">\n<div class=\"wp-container-3 wp-block-columns\">\n<div class=\"wp-container-1 wp-block-column\" style=\"flex-basis:70%\">\n<p>Der Apero 495 SG ist der Newcomer in dieser Baureihe.<\/p>\n\n\n\n<p>Die wichtigsten Merkmale dieses Modells sind: eine Sitzgruppe mit neuem Lufthubtisch im Bug; zwei getrennte Betten im Heck und ein Absorber-Slim-Tower K&uuml;hlschrank im Eingangsbereich links quer eingebaut, der sowohl von innen als auch von au&szlig;en ge&ouml;ffnet werden kann.<\/p>\n\n\n\n<p>Der Apero 495 SG ist der kleinste Wohnwagen mit Einzelbetten und gro&szlig;em K&uuml;hlschrank. Die helle Wahrnehmung mit gro&szlig;em Raumgef&uuml;hl, wird unterstrichen unter anderem auch durch eine Vielzahl an Fenstern. Das Modell bietet ideale Beladungsm&ouml;glichkeiten zum Austarieren durch diesen speziellen Grundrisszuschnitt.<\/p>\n<\/div>\n\n\n\n<div class=\"wp-container-2 wp-block-column is-vertically-aligned-center\" style=\"flex-basis:66.66%\">\n<div class=\"wp-block-getwid-image-box has-text-center has-mobile-layout-default has-mobile-alignment-default\"><div class=\"wp-block-getwid-image-box__image-container is-position-top\"><div class=\"wp-block-getwid-image-box__image-wrapper\"><img loading=\"lazy\" width=\"2560\" height=\"1205\" src=\"https:\/\/www.alpacacamping.de\/content\/wp-content\/uploads\/2022\/08\/Apero-495-SG-min-scaled.jpg\" alt=\"Innenraum Apero\" class=\"wp-block-getwid-image-box__image wp-image-3696\" srcset=\"https:\/\/www.alpacacamping.de\/content\/wp-content\/uploads\/2022\/08\/Apero-495-SG-min-scaled.jpg 2560w, https:\/\/www.alpacacamping.de\/content\/wp-content\/uploads\/2022\/08\/Apero-495-SG-min-300x141.jpg 300w, https:\/\/www.alpacacamping.de\/content\/wp-content\/uploads\/2022\/08\/Apero-495-SG-min-1024x482.jpg 1024w, https:\/\/www.alpacacamping.de\/content\/wp-content\/uploads\/2022\/08\/Apero-495-SG-min-768x361.jpg 768w, https:\/\/www.alpacacamping.de\/content\/wp-content\/uploads\/2022\/08\/Apero-495-SG-min-1536x723.jpg 1536w, https:\/\/www.alpacacamping.de\/content\/wp-content\/uploads\/2022\/08\/Apero-495-SG-min-2048x964.jpg 2048w, https:\/\/www.alpacacamping.de\/content\/wp-content\/uploads\/2022\/08\/Apero-495-SG-min-938x441.jpg 938w, https:\/\/www.alpacacamping.de\/content\/wp-content\/uploads\/2022\/08\/Apero-495-SG-min-1130x532.jpg 1130w\" sizes=\"(max-width: 2560px) 100vw, 2560px\"><\/div><\/div><div class=\"wp-block-getwid-image-box__content\">\n<p><\/p>\n<\/div><\/div>\n<\/div>\n<\/div>\n\n\n\n<div class=\"wp-block-getwid-section alignfull alignfull\"><div class=\"wp-block-getwid-section__wrapper\"><div class=\"wp-block-getwid-section__inner-wrapper\"><div class=\"wp-block-getwid-section__background-holder\"><div class=\"wp-block-getwid-section__background\"><\/div><div class=\"wp-block-getwid-section__foreground\"><\/div><\/div><div class=\"wp-block-getwid-section__content\"><div class=\"wp-block-getwid-section__inner-content\">\n<div class=\"wp-container-6 wp-block-columns\">\n<div class=\"wp-container-4 wp-block-column\" style=\"flex-basis:66.66%\">\n<figure class=\"wp-block-image size-large\"><img loading=\"lazy\" width=\"1024\" height=\"683\" src=\"https:\/\/www.alpacacamping.de\/content\/wp-content\/uploads\/2022\/08\/Ap_495_SG-min-1024x683.jpg\" alt=\"Sitzgruppe Apero\" class=\"wp-image-3698\" srcset=\"https:\/\/www.alpacacamping.de\/content\/wp-content\/uploads\/2022\/08\/Ap_495_SG-min-1024x683.jpg 1024w, https:\/\/www.alpacacamping.de\/content\/wp-content\/uploads\/2022\/08\/Ap_495_SG-min-300x200.jpg 300w, https:\/\/www.alpacacamping.de\/content\/wp-content\/uploads\/2022\/08\/Ap_495_SG-min-768x512.jpg 768w, https:\/\/www.alpacacamping.de\/content\/wp-content\/uploads\/2022\/08\/Ap_495_SG-min-1536x1024.jpg 1536w, https:\/\/www.alpacacamping.de\/content\/wp-content\/uploads\/2022\/08\/Ap_495_SG-min-2048x1365.jpg 2048w, https:\/\/www.alpacacamping.de\/content\/wp-content\/uploads\/2022\/08\/Ap_495_SG-min-938x625.jpg 938w, https:\/\/www.alpacacamping.de\/content\/wp-content\/uploads\/2022\/08\/Ap_495_SG-min-1130x753.jpg 1130w\" sizes=\"(max-width: 1024px) 100vw, 1024px\"><figcaption>Sitzgruppe im Modell Apero 495 SG<\/figcaption><\/figure>\n<\/div>\n\n\n\n<div class=\"wp-container-5 wp-block-column\" style=\"flex-basis:33.33%\">\n<p>Der neue Apero erh&auml;lt das M&ouml;beldekor &bdquo;Norfolk&ldquo;.&nbsp; Wir haben uns hier f&uuml;r eine matte Oberfl&auml;chenstruktur entschieden. Norfolk besteht aus einem Farbmix von wei&szlig;, ein akzentuierendes grau und einem modernen Holzton als verbindendes Element. Dem Earth-Gedanken folgend bauen wir mit dem grauen Farbton, dem massiven Stein, von unten Bettkasten und Sitzb&auml;nke und akzentuieren Eckregale und K&uuml;che. Das im wahrsten Sinne des Wortes verbindende Holz wird f&uuml;r die raumhohen M&ouml;bel eingesetzt. Und nach oben hin &ndash; Open-Sky &ndash; kommt eine wei&szlig;e Dekorfolie f&uuml;r die Dachstauk&auml;sten zum Einsatz.<\/p>\n<\/div>\n<\/div>\n<\/div><\/div><\/div><\/div><\/div>\n<\/div><\/div><\/div><\/div><\/div>\n\n\n\n<p>Um bei den matten UNI-Dekoren eine Top-Qualit&auml;t zu erreichen und die l&auml;stigen Fingertapper zu umgehen, sind die Folien mit Anti-Fingerprint ausgestattet.<\/p>\n\n\n\n<p>Die Dachstaukastenform der M&ouml;bel ist bewusst geradlinig, mit gro&szlig;en Klappen und in der Sitzgruppe und K&uuml;che mit einem Ablagefach versehen. Die anthrazitfarbigen Griffleisten, Abstandshalter, Wasserh&auml;hne, T&uuml;rgriffe und Spotleuchten verleihen dem Apero den letzten Schliff, in seinem jugendliche Design.<\/p>\n\n\n\n<p>Fendt bietet zwei Stoffwelten: Spring und Sunset die beide mit &ldquo;farbigen&rdquo; frischen &Uuml;bergardinen daher kommen, die dem Fahrzeug richtig gut tun.<\/p>\n\n\n\n<p><\/p>\n","protected":false},"excerpt":{"rendered":"<p>Der Apero 495 SG Um bei den matten UNI-Dekoren eine Top-Qualit\u00e4t zu erreichen und die l\u00e4stigen Fingertapper zu umgehen, sind die Folien mit Anti-Fingerprint ausgestattet. [&hellip;]<\/p>\n","protected":false},"author":1,"featured_media":0,"parent":0,"menu_order":0,"comment_status":"closed","ping_status":"closed","template":"","meta":[],"categories":[],"acf":[],"yoast_head":"<!-- This site is optimized with the Yoast SEO plugin v19.1 - https:\/\/yoast.com\/wordpress\/plugins\/seo\/ -->\n<title>Fendt Caravan vorgestellt: Apero 495 SG | AlpacaCamping ?<\/title>\n<meta name=\"description\" content=\"Hier erf\u00e4hrst du alles \u00fcber den Fendt Caravan Apero 495 SG. Informiere dich jetzt \u00fcber den Newcomer der Baureihe! ?\" \/>\n<meta name=\"robots\" content=\"index, follow, max-snippet:-1, max-image-preview:large, max-video-preview:-1\" \/>\n<link rel=\"canonical\" href=\"https:\/\/www.alpacacamping.de\/content\/fendt-apero-495-sg\/\" \/>\n<meta property=\"og:locale\" content=\"de_DE\" \/>\n<meta property=\"og:type\" content=\"article\" \/>\n<meta property=\"og:title\" content=\"Fendt Caravan vorgestellt: Apero 495 SG | AlpacaCamping ?\" \/>\n<meta property=\"og:description\" content=\"Hier erf\u00e4hrst du alles \u00fcber den Fendt Caravan Apero 495 SG. Informiere dich jetzt \u00fcber den Newcomer der Baureihe! ?\" \/>\n<meta property=\"og:url\" content=\"https:\/\/www.alpacacamping.de\/content\/fendt-apero-495-sg\/\" \/>\n<meta property=\"og:site_name\" content=\"AlpacaCamping\" \/>\n<meta property=\"article:modified_time\" content=\"2022-08-22T11:48:48+00:00\" \/>\n<meta property=\"og:image\" content=\"https:\/\/www.alpacacamping.de\/content\/wp-content\/uploads\/2022\/08\/Apero_PR_1-min-scaled.jpg\" \/>\n<meta name=\"twitter:card\" content=\"summary_large_image\" \/>\n<meta name=\"twitter:label1\" content=\"Gesch\u00e4tzte Lesezeit\" \/>\n\t<meta name=\"twitter:data1\" content=\"2\u00a0Minuten\" \/>\n<script type=\"application\/ld+json\" class=\"yoast-schema-graph\">{\"@context\":\"https:\/\/schema.org\",\"@graph\":[{\"@type\":\"WebSite\",\"@id\":\"https:\/\/www.alpacacamping.de\/content\/#website\",\"url\":\"https:\/\/www.alpacacamping.de\/content\/\",\"name\":\"AlpacaCamping\",\"description\":\"Camping Stellpl\u00e4tze \u00fcberall buchen.\",\"potentialAction\":[{\"@type\":\"SearchAction\",\"target\":{\"@type\":\"EntryPoint\",\"urlTemplate\":\"https:\/\/www.alpacacamping.de\/content\/?s={search_term_string}\"},\"query-input\":\"required name=search_term_string\"}],\"inLanguage\":\"de\"},{\"@type\":\"ImageObject\",\"inLanguage\":\"de\",\"@id\":\"https:\/\/www.alpacacamping.de\/content\/fendt-apero-495-sg\/#primaryimage\",\"url\":\"https:\/\/www.alpacacamping.de\/content\/wp-content\/uploads\/2022\/08\/Apero_PR_1-min-scaled.jpg\",\"contentUrl\":\"https:\/\/www.alpacacamping.de\/content\/wp-content\/uploads\/2022\/08\/Apero_PR_1-min-scaled.jpg\",\"width\":2560,\"height\":1756,\"caption\":\"Fendt Apero\"},{\"@type\":\"WebPage\",\"@id\":\"https:\/\/www.alpacacamping.de\/content\/fendt-apero-495-sg\/#webpage\",\"url\":\"https:\/\/www.alpacacamping.de\/content\/fendt-apero-495-sg\/\",\"name\":\"Fendt Caravan vorgestellt: Apero 495 SG | AlpacaCamping ?\",\"isPartOf\":{\"@id\":\"https:\/\/www.alpacacamping.de\/content\/#website\"},\"primaryImageOfPage\":{\"@id\":\"https:\/\/www.alpacacamping.de\/content\/fendt-apero-495-sg\/#primaryimage\"},\"datePublished\":\"2022-08-22T11:37:51+00:00\",\"dateModified\":\"2022-08-22T11:48:48+00:00\",\"description\":\"Hier erf\u00e4hrst du alles \u00fcber den Fendt Caravan Apero 495 SG. Informiere dich jetzt \u00fcber den Newcomer der Baureihe! ?\",\"breadcrumb\":{\"@id\":\"https:\/\/www.alpacacamping.de\/content\/fendt-apero-495-sg\/#breadcrumb\"},\"inLanguage\":\"de\",\"potentialAction\":[{\"@type\":\"ReadAction\",\"target\":[\"https:\/\/www.alpacacamping.de\/content\/fendt-apero-495-sg\/\"]}]},{\"@type\":\"BreadcrumbList\",\"@id\":\"https:\/\/www.alpacacamping.de\/content\/fendt-apero-495-sg\/#breadcrumb\",\"itemListElement\":[{\"@type\":\"ListItem\",\"position\":1,\"name\":\"Home\",\"item\":\"https:\/\/www.alpacacamping.de\/content\/\"},{\"@type\":\"ListItem\",\"position\":2,\"name\":\"Fendt Apero 495 SG\"}]}]}<\/script>\n<!-- \/ Yoast SEO plugin. -->","yoast_head_json":{"title":"Fendt Caravan vorgestellt: Apero 495 SG | AlpacaCamping ?","description":"Hier erf\u00e4hrst du alles \u00fcber den Fendt Caravan Apero 495 SG. Informiere dich jetzt \u00fcber den Newcomer der Baureihe! ?","robots":{"index":"index","follow":"follow","max-snippet":"max-snippet:-1","max-image-preview":"max-image-preview:large","max-video-preview":"max-video-preview:-1"},"canonical":"https:\/\/www.alpacacamping.de\/content\/fendt-apero-495-sg\/","og_locale":"de_DE","og_type":"article","og_title":"Fendt Caravan vorgestellt: Apero 495 SG | AlpacaCamping ?","og_description":"Hier erf\u00e4hrst du alles \u00fcber den Fendt Caravan Apero 495 SG. Informiere dich jetzt \u00fcber den Newcomer der Baureihe! ?","og_url":"https:\/\/www.alpacacamping.de\/content\/fendt-apero-495-sg\/","og_site_name":"AlpacaCamping","article_modified_time":"2022-08-22T11:48:48+00:00","og_image":[{"url":"https:\/\/www.alpacacamping.de\/content\/wp-content\/uploads\/2022\/08\/Apero_PR_1-min-scaled.jpg"}],"twitter_card":"summary_large_image","twitter_misc":{"Gesch\u00e4tzte Lesezeit":"2\u00a0Minuten"},"schema":{"@context":"https:\/\/schema.org","@graph":[{"@type":"WebSite","@id":"https:\/\/www.alpacacamping.de\/content\/#website","url":"https:\/\/www.alpacacamping.de\/content\/","name":"AlpacaCamping","description":"Camping Stellpl\u00e4tze \u00fcberall buchen.","potentialAction":[{"@type":"SearchAction","target":{"@type":"EntryPoint","urlTemplate":"https:\/\/www.alpacacamping.de\/content\/?s={search_term_string}"},"query-input":"required name=search_term_string"}],"inLanguage":"de"},{"@type":"ImageObject","inLanguage":"de","@id":"https:\/\/www.alpacacamping.de\/content\/fendt-apero-495-sg\/#primaryimage","url":"https:\/\/www.alpacacamping.de\/content\/wp-content\/uploads\/2022\/08\/Apero_PR_1-min-scaled.jpg","contentUrl":"https:\/\/www.alpacacamping.de\/content\/wp-content\/uploads\/2022\/08\/Apero_PR_1-min-scaled.jpg","width":2560,"height":1756,"caption":"Fendt Apero"},{"@type":"WebPage","@id":"https:\/\/www.alpacacamping.de\/content\/fendt-apero-495-sg\/#webpage","url":"https:\/\/www.alpacacamping.de\/content\/fendt-apero-495-sg\/","name":"Fendt Caravan vorgestellt: Apero 495 SG | AlpacaCamping ?","isPartOf":{"@id":"https:\/\/www.alpacacamping.de\/content\/#website"},"primaryImageOfPage":{"@id":"https:\/\/www.alpacacamping.de\/content\/fendt-apero-495-sg\/#primaryimage"},"datePublished":"2022-08-22T11:37:51+00:00","dateModified":"2022-08-22T11:48:48+00:00","description":"Hier erf\u00e4hrst du alles \u00fcber den Fendt Caravan Apero 495 SG. Informiere dich jetzt \u00fcber den Newcomer der Baureihe! ?","breadcrumb":{"@id":"https:\/\/www.alpacacamping.de\/content\/fendt-apero-495-sg\/#breadcrumb"},"inLanguage":"de","potentialAction":[{"@type":"ReadAction","target":["https:\/\/www.alpacacamping.de\/content\/fendt-apero-495-sg\/"]}]},{"@type":"BreadcrumbList","@id":"https:\/\/www.alpacacamping.de\/content\/fendt-apero-495-sg\/#breadcrumb","itemListElement":[{"@type":"ListItem","position":1,"name":"Home","item":"https:\/\/www.alpacacamping.de\/content\/"},{"@type":"ListItem","position":2,"name":"Fendt Apero 495 SG"}]}]}},"_links":{"self":[{"href":"https:\/\/www.alpacacamping.de\/content\/wp-json\/wp\/v2\/pages\/3693"}],"collection":[{"href":"https:\/\/www.alpacacamping.de\/content\/wp-json\/wp\/v2\/pages"}],"about":[{"href":"https:\/\/www.alpacacamping.de\/content\/wp-json\/wp\/v2\/types\/page"}],"author":[{"embeddable":true,"href":"https:\/\/www.alpacacamping.de\/content\/wp-json\/wp\/v2\/users\/1"}],"replies":[{"embeddable":true,"href":"https:\/\/www.alpacacamping.de\/content\/wp-json\/wp\/v2\/comments?post=3693"}],"version-history":[{"count":1,"href":"https:\/\/www.alpacacamping.de\/content\/wp-json\/wp\/v2\/pages\/3693\/revisions"}],"predecessor-version":[{"id":3699,"href":"https:\/\/www.alpacacamping.de\/content\/wp-json\/wp\/v2\/pages\/3693\/revisions\/3699"}],"wp:attachment":[{"href":"https:\/\/www.alpacacamping.de\/content\/wp-json\/wp\/v2\/media?parent=3693"}],"wp:term":[{"taxonomy":"category","embeddable":true,"href":"https:\/\/www.alpacacamping.de\/content\/wp-json\/wp\/v2\/categories?post=3693"}],"curies":[{"name":"wp","href":"https:\/\/api.w.org\/{rel}","templated":true}]}}