{"id":10094,"date":"2023-03-08T15:47:11","date_gmt":"2023-03-08T14:47:11","guid":{"rendered":"https:\/\/www.alpacacamping.de\/content\/?page_id=10094"},"modified":"2024-12-18T14:04:50","modified_gmt":"2024-12-18T13:04:50","slug":"insurance-conditions-allianz-2023-03","status":"publish","type":"page","link":"https:\/\/www.alpacacamping.de\/content\/insurance-conditions-allianz-2023-03\/","title":{"rendered":"Insurance Conditions Allianz 2023-03"},"content":{"rendered":"\n<div class=\"wp-block-getwid-section alignfull alignfull getwid-section-content-full-width\" style=\"margin-top:1px;margin-bottom:100px\"><div class=\"wp-block-getwid-section__wrapper getwid-align-items-mobile-center getwid-justify-content-mobile-center\" style=\"padding-top:50px;padding-bottom:26px\"><div class=\"wp-block-getwid-section__divider is-bottom-divider\"><svg x=\"0px\" y=\"0px\" viewbox=\"0 0 1000 20\" preserveaspectratio=\"xMidYMax slice\" class=\"wp-block-getwid-section__divider-svg\"><path fill=\"white\" class=\"wp-block-getwid-section__divider-svg-fill\" d=\"M0,0v3h484c8.8,0,16,7.2,16,16c0-8.8,7.2-16,16-16h484V0H0z\"><\/path><\/svg><\/div><div class=\"wp-block-getwid-section__inner-wrapper\"><div class=\"wp-block-getwid-section__background-holder\"><div class=\"wp-block-getwid-section__background has-background has-primary-background-color\"><\/div><div class=\"wp-block-getwid-section__foreground\" style=\"opacity:0.2;background-color:#2c3847\"><\/div><\/div><div class=\"wp-block-getwid-section__content\"><div class=\"wp-block-getwid-section__inner-content\">\n<div class=\"wp-block-getwid-section\"><div class=\"wp-block-getwid-section__wrapper\"><div class=\"wp-block-getwid-section__inner-wrapper\"><div class=\"wp-block-getwid-section__background-holder\"><div class=\"wp-block-getwid-section__background\"><\/div><div class=\"wp-block-getwid-section__foreground\"><\/div><\/div><div class=\"wp-block-getwid-section__content\"><div class=\"wp-block-getwid-section__inner-content\">\n<h1 class=\"has-light-blue-color has-text-color\" style=\"font-size:40px\">Besondere Bedingungen f&uuml;r die Versicherung von Campingfahrzeugen<\/h1>\n<\/div><\/div><\/div><\/div><\/div>\n<\/div><\/div><\/div><\/div><\/div>\n\n\n\n<p class=\"has-medium-font-size\"><strong>Versicherer: Allianz Versicherungs-AG, Dieselstra&szlig;e 6, 85774 Unterf&ouml;hring<\/strong><\/p>\n\n\n\n<ul><li>Versicherungsnehmer: AlpacaCamping GmbH, Volkacher Stra&szlig;e 41a, 97332 Volkach<\/li><\/ul>\n\n\n\n<ul><li>Versicherungsvertrag GFL 90\/R001\/0071090\/810 (&bdquo;Flottenvertrag AlpacaCamping&ldquo;)<\/li><\/ul>\n\n\n\n<ul><li>Der Pannendienst der Allianz ist 24 Stunden pro Tag erreichbar unter <strong>+49 89 2444 14224<\/strong> unter Angabe der Versicherungsnummer <strong>GFL 90\/R001\/0071090\/810<\/strong><\/li><\/ul>\n\n\n\n<p class=\"has-light-blue-background-color has-background\"><strong>Erg&auml;nzend zu diesen besonderen Bedingungen gelten die Versicherungsbedingungen f&uuml;r die Allianz Kraftfahrtversicherung f&uuml;r Nutz- und Flottenfahrzeuge mit Ausnahme des Bausteins &bdquo;Schutzbrief&ldquo;: <a href=\"https:\/\/www.alpacacamping.de\/content\/wp-content\/uploads\/2023\/03\/Rent_AKB-NF-FKRB-260_10.pdf\" target=\"_blank\" rel=\"noreferrer noopener\">AKB-NF FKRB 260\/10<\/a>.&nbsp;Ein entsprechender Pannenschutz wird f&uuml;r Buchungen gesondert &uuml;ber Allianz Worldwide Partners (AWP): <a href=\"https:\/\/www.alpacacamping.de\/content\/wp-content\/uploads\/2023\/03\/Rent_Pannenschutzbrief-FirmenBedingungen.pdf\" target=\"_blank\" rel=\"noreferrer noopener\">Pannenschutz<\/a> geregelt.<\/strong><\/p>\n\n\n\n<h2>Einbeziehung: Durch Buchungsabschluss f&uuml;r berechtigte Campingfahrzeuge<\/h2>\n\n\n\n<p>Diese Bedingungen gelten f&uuml;r den gebuchten Zeitraum f&uuml;r die Wohnmobile und Campingfahrzeuge, die durch Angabe im Mietvertrag, Zahlung der Pr&auml;mie und Best&auml;tigung der Zahlung\/Versicherung in den AlpacaCamping-Flottenvertrag der Allianz-Versicherung aufgenommen wurden.<\/p>\n\n\n\n<h2>Europaweiter Geltungsbereich<\/h2>\n\n\n\n<p>Der Versicherungsschutz gilt f&uuml;r Europa und die au&szlig;ereurop&auml;ischen Gebiete, die in den Anwendungsbereich des EWR (Europ&auml;ischen Wirtschaftsgemeinschafts)-Vertrages fallen, insbesondere auch f&uuml;r Malta: die au&szlig;ereurop&auml;ischen Gebiete Spaniens (Kanarische Inseln), Portugals (Madeira und Azoren) sowie die au&szlig;ereurop&auml;ischen Gebiete der T&uuml;rkei (mit Ausnahme des n&ouml;rdlichen Teils von Zypern) in der Kraftfahrt-Haftpflichtversicherung mit der dort gesetzlich vorgeschriebenen Versicherungssumme, mindestens jedoch mit der im Versicherungsvertrag vereinbarten Versicherungssumme.<\/p>\n\n\n\n<h2>Versicherte Fahrzeuge: Campingfahrzeuge<\/h2>\n\n\n\n<ol><li>Alle in Deutschland zugelassenen zulassungspflichtigen Campingfahrzeuge\/Wohnmobile mit einer zul&auml;ssigen Gesamtmasse bis 3,5 Tonnen bzw. bis 7,5 Tonnen, als Campingfahrzeuge genutzte Pkw und Wohnwagenanh&auml;nger, die &uuml;ber das Portal der AlpacaCamping GmbH zwischen Privatpersonen vermietet werden, wenn das jeweilige Fahrzeug:<\/li><\/ol>\n\n\n\n<ul><li>auf den Namen des Vermieters zugelassen ist und dieser Eigent&uuml;mer des Fahrzeugs ist oder wenn der Vermieter vom Eigent&uuml;mer, Halter oder Leasinggeber eine schriftliche Vollmacht zur Nutzung des Fahrzeugs erhalten hat;<\/li><li>nicht zu gewerblichen Zwecken vermietet wird;<\/li><li>nicht mehr als 9 Sitzpl&auml;tze (inkl. Fahrerplatz) hat.<\/li><\/ul>\n\n\n\n<ol start=\"2\"><li>Eine Nutzung als Campingfahrzeug ist anzunehmen, wenn neben dem Fahrerhaus eine Schlaf- und Kochgelegenheit vorhanden ist.<\/li><\/ol>\n\n\n\n<h2>Versichert: Vermieter, Halter, Eigent&uuml;mer<\/h2>\n\n\n\n<p>Vermieter, die nat&uuml;rliche Personen mit st&auml;ndigem Wohnsitz in der Bundesrepublik Deutschland sind, ferner Halter und Eigent&uuml;mer des versicherten Fahrzeuges.<\/p>\n\n\n\n<h2>Versichert: Mieter und Zusatzfahrer 21 &ndash; 75 Jahre, min. 3 Jahre F&uuml;hrerschein<\/h2>\n\n\n\n<ol><li>Mieter, die als nat&uuml;rliche Personen<\/li><\/ol>\n\n\n\n<ul><li>seit mindestens drei Jahren im Besitz einer Fahrerlaubnis sind, die zum F&uuml;hren des Mietfahrzeugs in Deutschland berechtigt. Weitere Voraussetzung ist, dass kein Fahrverbot besteht und die Fahrerlaubnis nicht vorl&auml;ufig entzogen wurde.<\/li><\/ul>\n\n\n\n<ul><li>das 23. Lebensjahr vollendet haben und nicht &auml;lter als 75 Jahre sein. Der Vermieter kann in diesem Rahmen f&uuml;r sein Fahrzeug individuell ein h&ouml;heres Mindestalter und eine l&auml;ngere F&uuml;hrerscheindauer festlegen.<\/li><\/ul>\n\n\n\n<ol start=\"2\"><li>Versichert sind auch die vom Mieter im Voraus f&uuml;r die Mietzeit benannten Fahrer, die die oben genannten, f&uuml;r den Mieter geltenden Voraussetzungen erf&uuml;llen.<\/li><\/ol>\n\n\n\n<h2>Beschr&auml;nkungen des Versicherungsschutzes<\/h2>\n\n\n\n<p>Kein Versicherungsschutz besteht:<\/p>\n\n\n\n<ul><li>f&uuml;r Sch&auml;den, die durch den Vermieter\/Halter oder Eigent&uuml;mer des versicherten Fahrzeuges oder deren Familien- oder Haushaltsangeh&ouml;rige als Mieter oder Fahrer des versicherten Fahrzeuges verursacht werden;<\/li><li>f&uuml;r Fahrzeuge mit mehr als 9 Sitzpl&auml;tzen, einschlie&szlig;lich Fahrersitz;<\/li><li>bei der Benutzung von Fahrzeugen auf dem abgesperrten, dem &ouml;ffentlichen Verkehr nicht zug&auml;nglichen Gel&auml;nde von Verkehrsflugh&auml;fen \/ Verkehrslandepl&auml;tzen.<\/li><\/ul>\n\n\n\n<h2>Umfang des Versicherungsschutzes<\/h2>\n\n\n\n<ol><li>Kfz-Haftpflichtversicherung mit einer Deckungssumme von 100 Mio. Euro pauschal &ndash; bei Personensch&auml;den maximal 15 Mio. Euro je gesch&auml;digte Person<\/li><li>Kaskoversicherung: Teil- und Vollkaskoschutz<\/li><\/ol>\n\n\n\n<ul><li>mit je EUR 1.500 Selbstbeteiligung f&uuml;r Wohnmobile, Wohnwagen, Camper und als Campingfahrzeuge genutzte Pkw.<\/li><li>Bei Versto&szlig; gegen die Allgemeinen AlpacaCamping Vermietbedingungen betr&auml;gt die Selbstbeteiligung jedoch immer 1.500 Euro.<\/li><li>Die H&ouml;chstentsch&auml;digung betr&auml;gt je Fahrzeug und Schadenfall 65.000 Euro.<\/li><\/ul>\n\n\n\n<h2>Beginn und Ende des Versicherungsschutzes<\/h2>\n\n\n\n<ol><li>Der Versicherungsschutz beginnt mit der &Uuml;bergabe des Fahrzeugs an den Mieter und endet mit der R&uuml;ckgabe des Fahrzeugs an den Vermieter f&uuml;r die durch diesen Vertrag versicherten Fahrzeuge und Personen. Voraussetzung f&uuml;r den Versicherungsschutz ist, dass sich das Fahrzeug w&auml;hrend und nur w&auml;hrend der gesamten &uuml;ber das Portal AlpacaCamping vereinbarten Mietzeit tats&auml;chlich im unmittelbaren Besitz und in der Verf&uuml;gungsgewalt des Mieters befunden hat.<\/li><\/ol>\n\n\n\n<ol start=\"2\"><li>Versicherungsschutz besteht jedoch, wenn sich das Fahrzeug wegen einer Panne oder nach einem Unfall mit Zustimmung des Vermieters zur Wiederherstellung der Fahrbereitschaft und\/oder der Verkehrssicherheit in einer Werkstatt befindet. Dies gilt auch, wenn dadurch mit Zustimmung des Vermieters die vereinbarte Mietzeit &uuml;berschritten wird, die Verl&auml;ngerung der Mietzeit ist bei der Berechnung der Versicherungspr&auml;mie zu ber&uuml;cksichtigen.<\/li><\/ol>\n\n\n\n<h2>Verpflichtungen&nbsp;<\/h2>\n\n\n\n<ol><li>Vermieter und Mieter m&uuml;ssen die in den AlpacaCamping Bedingungen und dem AlpacaCamping Mustermietvertrag aufgestellten Regeln beachten.<br><\/li><li>Insbesondere ist der Vermieter verpflichtet,<\/li><\/ol>\n\n\n\n<ul><li>die eigene vorgeschriebene Kfz-Haftpflichtversicherung f&uuml;r das im Portal der VN angebotene Fahrzeug aufrechtzuerhalten.<\/li><li>dem Mieter das Fahrzeug in verkehrssicherem und betriebsf&auml;higem Zustand &ndash; insbesondere mit ausreichend g&uuml;ltiger Hauptuntersuchungsplakette &ndash; zu &uuml;berlassen.<\/li><li>M&auml;ngel am Fahrzeug bei Mietbeginn und Mietende im &Uuml;bergabeprotokoll zu vermerken.<\/li><li>im &Uuml;bergabeprotokoll und Mietvertrag folgende Daten einzutragen bzw. zu vervollst&auml;ndigen: Buchungsnummer, Name, Vorname, Adresse, Personalausweisnummer. Fahrzeugdaten (Hersteller, Typ, amtl. Kennzeichen), Tag und Zeit von Fahrtbeginn sowie von Fahrtende, Kilometerstand bei Fahrtbeginn und Fahrtende sowie die (Mobil-)Telefonnummer, das &Uuml;bergabeprotokoll zu unterzeichnen und mindestens ein Jahr aufzubewahren.<\/li><\/ul>\n\n\n\n<ol start=\"3\"><li>Der Mieter insbesondere<\/li><\/ol>\n\n\n\n<ul><li>darf das Fahrzeug keiner anderen Person, die nicht auf der Plattform der VN registriert und als weiterer Fahrer gebucht ist, zur Nutzung, insbesondere als Fahrer, &uuml;berlassen.<\/li><li>muss im &Uuml;bergabeprotokoll und Mietvertrag folgende Daten eintragen bzw. vervollst&auml;ndigen. Buchungsnummer, Name, Vorname, Adresse, Geburtsdatum, Personalausweisnummer, Fahrzeugdaten (Hersteller, Typ, amtl. Kennzeichen), Tag und Zeit von Fahrtbeginn sowie von Fahrtende, Kilometerstand bei Fahrtbeginn und Fahrtende sowie die (Mobil-)Telefonnummer und das &Uuml;bergabeprotokoll unterzeichnen.<\/li><\/ul>\n\n\n\n<ol start=\"4\"><li>Au&szlig;erdem gelten die Pflichten und Obliegenheiten der dem Vertrage zugrundeliegenden AKB-NF FKRB 260\/10.<\/li><\/ol>\n\n\n\n<h2>Schadenregulierung<\/h2>\n\n\n\n<ol><li>Obliegenheiten im Schadenfall: Nach Eintritt des Versicherungsfalles<\/li><\/ol>\n\n\n\n<ul><li>ist dem Versicherer der Schaden unverz&uuml;glich nach Buchungsende per Telefon (Nummern und Informationen siehe &Uuml;bergabeprotokoll) anzuzeigen.<\/li><li>sind Vermieter und Mieter verpflichtet, dem Versicherer Auskunft &uuml;ber ihre F&uuml;hrerscheindaten (Einreichung Kopie der aktuellen Fahrerlaubnis) zu erteilen.<\/li><li>ist der Vermieter verpflichtet, dem Versicherer die Fahrzeugidentifikationsnummer des durch diesen Vertrag versicherten Fahrzeuges mitzuteilen.<\/li><li>ist der Vermieter verpflichtet, dem Versicherer den Erstversicherer einschlie&szlig;lich Versicherungsscheinnummer und Versicherungsumfang (Haftpflicht, Vollkasko incl. Selbstbeteiligung, Teilkasko inkl. Selbstbeteiligung, Differenzdeckung, Schutzbrief) zu nennen.<\/li><li>auf Anforderung das unterzeichnete &Uuml;bergabeprotokoll auszuh&auml;ndigen.<\/li><\/ul>\n\n\n\n<ol start=\"2\"><li>Haftpflichtschaden<\/li><\/ol>\n\n\n\n<ul><li>Vorrangige Inanspruchnahme: Der Versicherer tritt f&uuml;r Sch&auml;den aus der Kfz-Haftpflicht- und Kaskoversicherung aus diesem Vertrag vorrangig ein. Leistet der Versicherer, bei dem der Vermieter die Kfz-Haftpflichtversicherung f&uuml;r das Fahrzeug abgeschlossen hat (Erstversicherer), aufgrund eines Direktanspruchs des Gesch&auml;digten (vgl. &sect; 115 VVG), so erstattet der Versicherer auf Verlangen des Vermieters dem Erstversicherer die geleistete Entsch&auml;digung, soweit der Versicherer nach pflichtgem&auml;&szlig;em Ermessen auf der Grundlage der AKB-NF an den Gesch&auml;digten zu leisten gehabt h&auml;tte.<br><\/li><\/ul>\n\n\n\n<ol start=\"3\"><li>Kaskoschaden<\/li><\/ol>\n\n\n\n<ul><li>Nach Eintritt eines Kaskoschadens ist dem Versicherer vor Beginn der Instandsetzungsarbeiten an dem vermieteten oder verleasten Fahrzeug jede Untersuchung &uuml;ber Ursache und H&ouml;he des Schadens sowie &uuml;ber den Umfang der Leistungspflicht zu gestatten und, soweit zumutbar, Weisungen des Versicherers zu befolgen; die Kosten tr&auml;gt der Versicherer.<br><\/li><\/ul>\n\n\n\n<ol start=\"4\"><li>Der Umfang der Versicherungsleistungen nach einem Kaskoschaden richtet sich nach den AKB-NF, Baustein Kaskoversicherung, Abschnitt 1.5, mit folgenden Abweichungen:<\/li><\/ol>\n\n\n\n<ul><li>Die Reparaturkosten werden zwischen dem Reparateur und dem Versicherer direkt abgerechnet.<\/li><li>Bei Abrechnung auf Gutachtenbasis werden 100 % der Netto-Gutachtensumme (ohne MwSt.) ausgezahlt.<\/li><li>Bei Bestehen mehrerer Vertr&auml;ge (Mehrfachversicherung) d&uuml;rfen die gesamten Entsch&auml;digungsleistungen den jeweils eingetretenen Schaden nicht &uuml;bersteigen.<\/li><\/ul>\n\n\n\n<h2>Folgen von Pflichtverletzungen<\/h2>\n\n\n\n<p>Wird eine der vorgenannten Obliegenheiten vors&auml;tzlich verletzt, besteht kein Versicherungsschutz. Wird die Pflicht grob fahrl&auml;ssig verletzt, ist der Versicherer berechtigt, seine Leistung in einem der Schwere des Verschuldens entsprechenden Verh&auml;ltnis zu k&uuml;rzen. Wird nachgewiesen, dass die Obliegenheit nicht grob fahrl&auml;ssig verletzt wurde, bleibt der Versicherungsschutz bestehen. Abweichend davon ist der Versicherer zur Leistung verpflichtet, soweit die Verletzung der Obliegenheit weder f&uuml;r den Eintritt des Versicherungsfalles noch f&uuml;r den Umfang seiner Leistungspflicht urs&auml;chlich ist. Dies gilt nicht, wenn die Obliegenheit arglistig verletzt worden ist.<\/p>\n\n\n\n<h2>Anwendbares Recht, Gerichtsstand<\/h2>\n\n\n\n<p>Es gilt deutsches Recht. Als Gerichtsstand wird der Sitz des Versicherers vereinbart. &sect; 215 Abs. 1 Satz 2 VVG bleibt unber&uuml;hrt.<\/p>\n\n\n\n<h2>Weitere Bedingungen:<\/h2>\n\n\n\n<p class=\"has-light-blue-background-color has-background\"><strong>Erg&auml;nzend zu diesen besonderen Bedingungen gelten die Versicherungsbedingungen f&uuml;r die Allianz Kfz-Versicherung von Nutz- und Flottenfahrzeugen mit Ausnahme des Bausteins &bdquo;Schutzbrief&ldquo;: <a href=\"https:\/\/www.alpacacamping.de\/content\/wp-content\/uploads\/2023\/03\/Rent_AKB-NF-FKRB-260_10.pdf\" target=\"_blank\" rel=\"noreferrer noopener\">AKB-NF FKRB 260\/10<\/a>. Ein entsprechender Pannenschutz erfolgt f&uuml;r Buchungen separat durch die Allianz Worldwide Partners (AWP): <a href=\"https:\/\/www.alpacacamping.de\/content\/wp-content\/uploads\/2023\/03\/Rent_Pannenschutzbrief-FirmenBedingungen.pdf\" target=\"_blank\" rel=\"noreferrer noopener\">Pannenschutz<\/a>.<\/strong><\/p>\n","protected":false},"excerpt":{"rendered":"<p>Versicherer: Allianz Versicherungs-AG, Dieselstra\u00dfe 6, 85774 Unterf\u00f6hring Versicherungsnehmer: AlpacaCamping GmbH, Volkacher Stra\u00dfe 41a, 97332 Volkach Versicherungsvertrag GFL 90\/R001\/0071090\/810 (\u201eFlottenvertrag AlpacaCamping\u201c) Der Pannendienst der Allianz ist [&hellip;]<\/p>\n","protected":false},"author":2,"featured_media":0,"parent":0,"menu_order":0,"comment_status":"closed","ping_status":"closed","template":"","meta":[],"categories":[],"acf":[],"yoast_head":"<!-- This site is optimized with the Yoast SEO plugin v19.1 - https:\/\/yoast.com\/wordpress\/plugins\/seo\/ -->\n<title>Insurance Conditions Allianz 2023-03<\/title>\n<meta name=\"description\" content=\"Hier erf\u00e4hrst du alles zu den besonderen Bedingungen f\u00fcr die Versicherung von Campingfahrzeugen mit der Allianz und AlpacaCamping.\" \/>\n<meta name=\"robots\" content=\"index, follow, max-snippet:-1, max-image-preview:large, max-video-preview:-1\" \/>\n<link rel=\"canonical\" href=\"https:\/\/www.alpacacamping.de\/content\/insurance-conditions-allianz-2023-03\/\" \/>\n<meta property=\"og:locale\" content=\"de_DE\" \/>\n<meta property=\"og:type\" content=\"article\" \/>\n<meta property=\"og:title\" content=\"Insurance Conditions Allianz 2023-03\" \/>\n<meta property=\"og:description\" content=\"Hier erf\u00e4hrst du alles zu den besonderen Bedingungen f\u00fcr die Versicherung von Campingfahrzeugen mit der Allianz und AlpacaCamping.\" \/>\n<meta property=\"og:url\" content=\"https:\/\/www.alpacacamping.de\/content\/insurance-conditions-allianz-2023-03\/\" \/>\n<meta property=\"og:site_name\" content=\"AlpacaCamping\" \/>\n<meta property=\"article:modified_time\" content=\"2024-12-18T13:04:50+00:00\" \/>\n<meta name=\"twitter:card\" content=\"summary_large_image\" \/>\n<meta name=\"twitter:label1\" content=\"Gesch\u00e4tzte Lesezeit\" \/>\n\t<meta name=\"twitter:data1\" content=\"8\u00a0Minuten\" \/>\n<script type=\"application\/ld+json\" class=\"yoast-schema-graph\">{\"@context\":\"https:\/\/schema.org\",\"@graph\":[{\"@type\":\"WebSite\",\"@id\":\"https:\/\/www.alpacacamping.de\/content\/#website\",\"url\":\"https:\/\/www.alpacacamping.de\/content\/\",\"name\":\"AlpacaCamping\",\"description\":\"Camping Stellpl\u00e4tze \u00fcberall buchen.\",\"potentialAction\":[{\"@type\":\"SearchAction\",\"target\":{\"@type\":\"EntryPoint\",\"urlTemplate\":\"https:\/\/www.alpacacamping.de\/content\/?s={search_term_string}\"},\"query-input\":\"required name=search_term_string\"}],\"inLanguage\":\"de\"},{\"@type\":\"WebPage\",\"@id\":\"https:\/\/www.alpacacamping.de\/content\/insurance-conditions-allianz-2023-03\/#webpage\",\"url\":\"https:\/\/www.alpacacamping.de\/content\/insurance-conditions-allianz-2023-03\/\",\"name\":\"Insurance Conditions Allianz 2023-03\",\"isPartOf\":{\"@id\":\"https:\/\/www.alpacacamping.de\/content\/#website\"},\"datePublished\":\"2023-03-08T14:47:11+00:00\",\"dateModified\":\"2024-12-18T13:04:50+00:00\",\"description\":\"Hier erf\u00e4hrst du alles zu den besonderen Bedingungen f\u00fcr die Versicherung von Campingfahrzeugen mit der Allianz und AlpacaCamping.\",\"breadcrumb\":{\"@id\":\"https:\/\/www.alpacacamping.de\/content\/insurance-conditions-allianz-2023-03\/#breadcrumb\"},\"inLanguage\":\"de\",\"potentialAction\":[{\"@type\":\"ReadAction\",\"target\":[\"https:\/\/www.alpacacamping.de\/content\/insurance-conditions-allianz-2023-03\/\"]}]},{\"@type\":\"BreadcrumbList\",\"@id\":\"https:\/\/www.alpacacamping.de\/content\/insurance-conditions-allianz-2023-03\/#breadcrumb\",\"itemListElement\":[{\"@type\":\"ListItem\",\"position\":1,\"name\":\"Home\",\"item\":\"https:\/\/www.alpacacamping.de\/content\/\"},{\"@type\":\"ListItem\",\"position\":2,\"name\":\"Insurance Conditions Allianz 2023-03\"}]}]}<\/script>\n<!-- \/ Yoast SEO plugin. -->","yoast_head_json":{"title":"Insurance Conditions Allianz 2023-03","description":"Hier erf\u00e4hrst du alles zu den besonderen Bedingungen f\u00fcr die Versicherung von Campingfahrzeugen mit der Allianz und AlpacaCamping.","robots":{"index":"index","follow":"follow","max-snippet":"max-snippet:-1","max-image-preview":"max-image-preview:large","max-video-preview":"max-video-preview:-1"},"canonical":"https:\/\/www.alpacacamping.de\/content\/insurance-conditions-allianz-2023-03\/","og_locale":"de_DE","og_type":"article","og_title":"Insurance Conditions Allianz 2023-03","og_description":"Hier erf\u00e4hrst du alles zu den besonderen Bedingungen f\u00fcr die Versicherung von Campingfahrzeugen mit der Allianz und AlpacaCamping.","og_url":"https:\/\/www.alpacacamping.de\/content\/insurance-conditions-allianz-2023-03\/","og_site_name":"AlpacaCamping","article_modified_time":"2024-12-18T13:04:50+00:00","twitter_card":"summary_large_image","twitter_misc":{"Gesch\u00e4tzte Lesezeit":"8\u00a0Minuten"},"schema":{"@context":"https:\/\/schema.org","@graph":[{"@type":"WebSite","@id":"https:\/\/www.alpacacamping.de\/content\/#website","url":"https:\/\/www.alpacacamping.de\/content\/","name":"AlpacaCamping","description":"Camping Stellpl\u00e4tze \u00fcberall buchen.","potentialAction":[{"@type":"SearchAction","target":{"@type":"EntryPoint","urlTemplate":"https:\/\/www.alpacacamping.de\/content\/?s={search_term_string}"},"query-input":"required name=search_term_string"}],"inLanguage":"de"},{"@type":"WebPage","@id":"https:\/\/www.alpacacamping.de\/content\/insurance-conditions-allianz-2023-03\/#webpage","url":"https:\/\/www.alpacacamping.de\/content\/insurance-conditions-allianz-2023-03\/","name":"Insurance Conditions Allianz 2023-03","isPartOf":{"@id":"https:\/\/www.alpacacamping.de\/content\/#website"},"datePublished":"2023-03-08T14:47:11+00:00","dateModified":"2024-12-18T13:04:50+00:00","description":"Hier erf\u00e4hrst du alles zu den besonderen Bedingungen f\u00fcr die Versicherung von Campingfahrzeugen mit der Allianz und AlpacaCamping.","breadcrumb":{"@id":"https:\/\/www.alpacacamping.de\/content\/insurance-conditions-allianz-2023-03\/#breadcrumb"},"inLanguage":"de","potentialAction":[{"@type":"ReadAction","target":["https:\/\/www.alpacacamping.de\/content\/insurance-conditions-allianz-2023-03\/"]}]},{"@type":"BreadcrumbList","@id":"https:\/\/www.alpacacamping.de\/content\/insurance-conditions-allianz-2023-03\/#breadcrumb","itemListElement":[{"@type":"ListItem","position":1,"name":"Home","item":"https:\/\/www.alpacacamping.de\/content\/"},{"@type":"ListItem","position":2,"name":"Insurance Conditions Allianz 2023-03"}]}]}},"_links":{"self":[{"href":"https:\/\/www.alpacacamping.de\/content\/wp-json\/wp\/v2\/pages\/10094"}],"collection":[{"href":"https:\/\/www.alpacacamping.de\/content\/wp-json\/wp\/v2\/pages"}],"about":[{"href":"https:\/\/www.alpacacamping.de\/content\/wp-json\/wp\/v2\/types\/page"}],"author":[{"embeddable":true,"href":"https:\/\/www.alpacacamping.de\/content\/wp-json\/wp\/v2\/users\/2"}],"replies":[{"embeddable":true,"href":"https:\/\/www.alpacacamping.de\/content\/wp-json\/wp\/v2\/comments?post=10094"}],"version-history":[{"count":9,"href":"https:\/\/www.alpacacamping.de\/content\/wp-json\/wp\/v2\/pages\/10094\/revisions"}],"predecessor-version":[{"id":24470,"href":"https:\/\/www.alpacacamping.de\/content\/wp-json\/wp\/v2\/pages\/10094\/revisions\/24470"}],"wp:attachment":[{"href":"https:\/\/www.alpacacamping.de\/content\/wp-json\/wp\/v2\/media?parent=10094"}],"wp:term":[{"taxonomy":"category","embeddable":true,"href":"https:\/\/www.alpacacamping.de\/content\/wp-json\/wp\/v2\/categories?post=10094"}],"curies":[{"name":"wp","href":"https:\/\/api.w.org\/{rel}","templated":true}]}}